 divide 1065?
True
Is 77 a factor of 5320?
False
Is 21348 a multiple of 15?
False
Is 32 a factor of 24608?
True
Is 108 a factor of 5508?
True
Is 986 a multiple of 88?
False
Is 3417 a multiple of 3?
True
Is 1079 a multiple of 60?
False
Is 3429 a multiple of 9?
True
Is 293 a multiple of 10?
False
Does 85 divide 2685?
False
Does 7 divide 90824?
False
Does 88 divide 28072?
True
Is 65 a factor of 3315?
True
Is 6 a factor of 6252?
True
Is 31400 a multiple of 14?
False
Is 26 a factor of 1794?
True
Is 56 a factor of 5096?
True
Does 154 divide 3277?
False
Is 1174 a multiple of 14?
False
Does 17 divide 6590?
False
Does 22 divide 352?
True
Does 33 divide 891?
True
Is 29512 a multiple of 30?
False
Does 3 divide 270?
True
Is 57176 a multiple of 287?
False
Is 28 a factor of 22680?
True
Is 154 a factor of 13355?
False
Is 9564 a multiple of 78?
False
Does 10 divide 276?
False
Does 15 divide 459?
False
Is 6 a factor of 1247?
False
Is 232 a multiple of 4?
True
Is 74 a factor of 11992?
False
Is 23030 a multiple of 35?
True
Is 3228 a multiple of 34?
False
Does 65 divide 2822?
False
Is 13427 a multiple of 29?
True
Does 14 divide 175?
False
Is 5680 a multiple of 7?
False
Is 54 a factor of 1447?
False
Is 18 a factor of 863?
False
Is 1296 a multiple of 36?
True
Is 292 a multiple of 73?
True
Does 5 divide 5?
True
Does 18 divide 10313?
False
Is 9 a factor of 2002?
False
Is 355 a multiple of 12?
False
Is 3367 a multiple of 13?
True
Is 4 a factor of 187?
False
Is 5684 a multiple of 49?
True
Is 12 a factor of 1068?
True
Is 7 a factor of 37624?
False
Does 6 divide 10110?
True
Is 113 a factor of 4902?
False
Is 220 a multiple of 55?
True
Does 56 divide 57135?
False
Does 26 divide 6838?
True
Is 22 a factor of 242?
True
Is 18171 a multiple of 93?
False
Is 24 a factor of 419?
False
Is 7697 a multiple of 179?
True
Is 127 a factor of 29337?
True
Is 5973 a multiple of 104?
False
Is 16 a factor of 1374?
False
Is 1726 a multiple of 17?
False
Is 2 a factor of 832?
True
Is 42 a factor of 49938?
True
Is 29 a factor of 9076?
False
Is 12125 a multiple of 229?
False
Is 3 a factor of 1613?
False
Is 2 a factor of 421?
False
Is 9392 a multiple of 16?
True
Does 24 divide 5456?
False
Is 8840 a multiple of 85?
True
Does 50 divide 600?
True
Is 4 a factor of 33?
False
Does 33 divide 1023?
True
Is 31 a factor of 511?
False
Does 162 divide 49086?
True
Is 125 a factor of 5500?
True
Is 2 a factor of 80?
True
Is 5396 a multiple of 15?
False
Is 4675 a multiple of 19?
False
Does 33 divide 2442?
True
Is 1576 a multiple of 5?
False
Is 4 a factor of 11099?
False
Does 79 divide 186?
False
Is 77498 a multiple of 17?
False
Is 1154 a multiple of 59?
False
Does 7 divide 586?
False
Is 629 a multiple of 6?
False
Is 15696 a multiple of 18?
True
Is 20 a factor of 294?
False
Is 26 a factor of 29666?
True
Does 60 divide 1323?
False
Is 8 a multiple of 4?
True
Does 146 divide 72416?
True
Does 13 divide 2587?
True
Does 111 divide 37407?
True
Is 77 a factor of 282?
False
Is 738 a multiple of 7?
False
Does 4 divide 183?
False
Is 20 a factor of 80?
True
Is 12577 a multiple of 8?
False
Is 67 a factor of 11369?
False
Does 118 divide 3757?
False
Is 1661 a multiple of 48?
False
Is 2140 a multiple of 20?
True
Is 204 a multiple of 102?
True
Is 27 a factor of 74061?
True
Is 92940 a multiple of 15?
True
Is 1505 a multiple of 43?
True
Is 702 a multiple of 2?
True
Does 16 divide 138448?
True
Is 27 a factor of 126468?
True
Does 6 divide 41?
False
Is 12 a factor of 9660?
True
Is 570 a multiple of 6?
True
Is 13 a factor of 34697?
True
Does 44 divide 1144?
True
Is 40599 a multiple of 117?
True
Is 24 a factor of 14304?
True
Is 52 a factor of 14858?
False
Is 38 a factor of 1005?
False
Does 75 divide 1419?
False
Is 8900 a multiple of 8?
False
Does 17 divide 20391?
False
Is 11760 a multiple of 42?
True
Is 43 a factor of 427?
False
Is 3480 a multiple of 20?
True
Is 517 a multiple of 6?
False
Is 19 a factor of 109?
False
Is 68 a multiple of 17?
True
Is 8200 a multiple of 13?
False
Is 2432 a multiple of 64?
True
Is 1200 a multiple of 12?
True
Is 2316 a multiple of 26?
False
Does 29 divide 58?
True
Is 26 a factor of 6367?
False
Does 7 divide 3841?
False
Does 2 divide 62?
True
Does 2 divide 97?
False
Is 196 a multiple of 78?
False
Is 49972 a multiple of 33?
False
Is 128 a factor of 94349?
False
Does 13 divide 1154?
False
Is 3 a factor of 1767?
True
Is 39287 a multiple of 17?
True
Is 6 a factor of 490?
False
Is 17 a factor of 39253?
True
Is 12 a factor of 483?
False
Is 2 a factor of 4000?
True
Is 42 a factor of 10399?
False
Is 1089 a multiple of 11?
True
Is 5 a factor of 20430?
True
Does 6 divide 9706?
False
Is 43 a factor of 659?
False
Is 174 a factor of 15834?
True
Is 89 a factor of 5380?
False
Does 16 divide 32?
True
Is 4648 a multiple of 14?
True
Is 69 a factor of 23046?
True
Is 50 a factor of 1272?
False
Does 68 divide 476?
True
Does 12 divide 1475?
False
Is 156 a multiple of 13?
True
Is 56276 a multiple of 22?
True
Is 32 a factor of 6843?
False
Is 19 a factor of 3287?
True
Does 35 divide 8715?
True
Does 12 divide 35514?
False
Is 6 a factor of 900?
True
Is 21 a factor of 2667?
True
Is 16 a factor of 192?
True
Does 5 divide 220?
True
Is 64 a multiple of 2?
True
Is 7 a factor of 91?
True
Is 43 a factor of 1247?
True
Is 4965 a multiple of 96?
False
Is 153 a factor of 2209?
False
Does 66 divide 858?
True
Is 370 a multiple of 37?
True
Is 44 a factor of 1120?
False
Is 1195 a multiple of 18?
False
Is 390 a factor of 1991?
False
Is 14 a factor of 48480?
False
Does 73 divide 9271?
True
Is 6251 a multiple of 58?
False
Does 51 divide 153?
True
Does 36 divide 612?
True
Is 17996 a multiple of 102?
False
Is 12 a factor of 6228?
True
Does 2 divide 328?
True
Is 5330 a multiple of 65?
True
Is 16 a factor of 3480?
False
Does 13 divide 1456?
True
Is 11364 even?
True
Is 22 a multiple of 7?
False
Is 159 a multiple of 12?
False
Is 7150 a multiple of 110?
True
Is 8 a factor of 6568?
True
Is 35 a factor of 805?
True
Is 1740 a multiple of 30?
True
Is 8176 a multiple of 16?
True
Is 11 a factor of 55?
True
Is 14 a factor of 1030?
False
Does 15 divide 214?
False
Is 207 a multiple of 23?
True
Is 122 a factor of 3793?
False
Does 4 divide 208?
True
Is 10 a factor of 6030?
True
Is 11 a factor of 11260?
False
Is 42377 a multiple of 31?
True
Is 1422 a multiple of 6?
True
Is 119 a factor of 63903?
True
Is 81 a factor of 31359?
False
Is 3 a factor of 18027?
True
Does 2 divide 57?
False
Is 138 a factor of 3726?
True
Is 2925 a multiple of 45?
True
Does 4 divide 4112?
True
Is 95 a factor of 4040?
False
Does 17 divide 1663?
False
Does 6 divide 4998?
True
Is 24 a factor of 2994?
False
Is 4354 a multiple of 14?
True
Is 16 a factor of 9234?
False
Is 23 a factor of 4623?
True
Is 4173 a multiple of 13?
True
Is 373 a factor of 20888?
True
Is 50 a factor of 3453?
False
Is 6615 a multiple of 14?
False
Does 11 divide 3168?
True
Is 2 a factor of 6?
True
Does 228 divide 17556?
True
Is 21 a factor of 693?
True
Is 22 a factor of 1321?
False
Does 11 divide 6967?
False
Does 68 divide 5780?
True
Is 10 a factor of 1136?
False
Is 16 a factor of 1379?
False
Does 19 divide 6289?
True
Does 39 divide 312?
True
Does 18 divide 8304?
False
Does 15 divide 8460?
True
Does 10 divide 13777?
False
Does 9 divide 1116?
True
Is 22 a factor of 6974?
True
Is 666 a multiple of 37?
True
Is 5 a factor of 126?
False
Is 80 a multiple of 8?
True
Does 18 divide 28170?
True
Is 3654 a multiple of 58?
True
Is 14 a factor of 1568?
True
Does 32 divide 23104?
True
Is 47 a factor of 36660?
True
Is 114 a multiple of 40?
False
Does 201 divide 28483?
False
Is 60 a multiple of 4?
True
Does 10 divide 20?
True
Does 29 divide 9381?
False
Is 394 a multiple of 75?
False
Is 948 a multiple of 13?
False
Is 304 a multiple of 11?
False
Is 5656 a multiple of 69?
False
Does 32 divide 1121?
False
Is 308 a factor of 42599?
False
Is 9679 a multiple of 16?
False
Is 34688 a multiple of 16?
True
Is 503 a multiple of 51?
False
Is 20 a factor of 31800?
True
Is 104 a factor of 7384?
True
Is 17821 a multiple of 15?
False
Is 5764 a multiple of 6?
False
Is 58 a multiple of 4?
False
Is 10 a factor of 520?
True
Is 33352 a multiple of 80?
False
Is 77 a factor of 385?
True
Does 40 divide 447?
False
Is 6 a factor of 284?
False
Does 13 divide 416?
True
Is 8